/6*y**3. Let c be -5*((2 - 1) + 0). Determine z(c).
0
Let a(s) = -4*s - s**2 - 2 + 4*s**2 - 2*s**2. What is a(5)?
3
Let a(w) = -w**3 + 8*w**2 + 9*w + 1. Let j be a(9). Suppose -2*o + 11 = x, -3*x + j = -4*o - 2. Suppose x + 7 = 6*r. Let m(u) = 2*u**2 - u + 2. Determine m(r).
8
Suppose 2*h = 2 + 4. Suppose -h*k + 2 = 5*w - 21, 3*k = -w + 19. Let q be 3/(-6)*1*k. Let p(t) = -t**3 - 5*t**2 - 5*t - 4. Give p(q).
-7
Let k(b) = -b + 3*b**2 - 4 + 15 + 0. Let v(j) = 635*j**2 + 0*j - 636*j**2 - 1 + j. Let l(a) = k(a) + 4*v(a). What is l(5)?
-3
Let c(z) = -2*z - 4. Let b = 20 + 62. Let m = 76 - b. Give c(m).
8
Let x(w) = -w**3 + 5*w**2 - 4*w. Let u(d) = -d**3 + 8*d**2 + 6*d + 30. Let g be u(9). Determine x(g).
6
Let m(q) = -q**3 + 4*q**2 + 3*q. Let j be (62/(-3))/(-2*(-4)/12). Let l = 29 + j. Determine m(l).
18
Let a(l) = -l**2 - 1. Let p(f) = -f**3 - 4*f**2 + 5*f - 1. Let u be p(-5). Let s(r) = -8*r**2 + r - 4. Let h(x) = u*s(x) + 4*a(x). Calculate h(-1).
5
Let z(h) = -7 + 125*h + 0 - 121*h. Determine z(-5).
-27
Let a(t) = t + 2. Let k(z) = z**2 - 11*z - 2*z**2 - 4 + 4*z. Suppose 4*u - 7*u - 21 = 0. Let i be k(u). Give a(i).
-2
Let w = 81 - 78. Let y(m) be the second derivative of -1/6*m**w - 1/2*m**2 + 1/3*m**4 - 4*m + 0. Calculate y(-1).
4
Let z(c) be the third derivative of c**3 - 39*c**2 - 7/60*c**5 + 1/120*c**6 + 5/24*c**4 + 0*c + 0. Give z(6).
0
Let m(k) = -2*k**2 + 12*k - 11. Let d(n) = n**2 - 2*n + 1. Let r(i) = -d(i) - m(i). Give r(10).
10
Let v = 0 + -4. Let r(z) = 11*z**3 + 17*z**2 - 35*z + 11. Let h(p) = -5*p**3 - 8*p**2 + 16*p - 5. Let b(q) = -9*h(q) - 4*r(q). Calculate b(v).
17
Let u(z) be the third derivative of -z**6/20 + z**4/12 - z**3/2 - 2*z**2 + 109. What is u(1)?
-7
Let q = -27 - -31. Let f be ((-34)/(-10) - q)*-10. Let b be -1*1 - (f - 5). Let z(k) = -k**2 + 2. Calculate z(b).
-2
Suppose 3*x + 117 = -5*t, -5*t - 74 - 47 = 4*x. Let m(s) = -s**2 - 20*s + 21. Give m(t).
0
Let j(f) be the third derivative of -f**5/60 - f**4/24 + f**3/6 + 3116*f**2. Let y(x) = 2*x - 4. Let m be y(3). Determine j(m).
-5
Let f(t) = t**3 - 3*t**2 + 4*t + 2. Let g(m) = -2*m**3 + 8*m**2 - 11*m - 6. Let p(y) = -8*f(y) - 3*g(y). Give p(-2).
16
Let t(a) be the second derivative of a**3/2 - 31*a**2/2 - 23*a + 4. Determine t(9).
-4
Let n(s) = 2*s**2 - 7*s + 1. Suppose 5*j + 5*q - 20 = 0, -2*j - 3*q - 24 = -5*j. Determine n(j).
31
Let s(d) = -17 - 2 - 7 + 2*d. Give s(15).
4
Let u(z) = z. Let p(q) = -q**2 + 6*q + 6. Let a(x) = p(x) - 4*u(x). Suppose 3*n + 5 = 8*n - 5*i, n = -3*i - 19. Give a(n).
-18
Let w(v) = -16 + 7*v - 15*v + v**2 + 20. Suppose -4*j + 0*y = -y - 33, -2*j + 5*y + 39 = 0. Let r be w(j). Let c(l) = l**2 - 4. Calculate c(r).
5
Let v(j) = 7*j**3 - 17*j**2 - 6*j - 7. Let q(f) = -6*f**3 + 17*f**2 + 5*f + 6. Let z(u) = 6*q(u) + 5*v(u). Determine z(17).
1
Let o be 4 + -2 - 12 - (11 + -15). Let y(c) = c**3 + 7*c**2 + 8*c + 3. Give y(o).
-9
Let g = -93 - -87. Let b(k) = k**3 + 6*k**2 - 3*k - 3. What is b(g)?
15
Let p(n) = n - 3. Let b(o) be the first derivative of -5*o**2/2 + 16*o - 2. Let s(w) = -2*b(w) - 11*p(w). Let v = 445 - 440. Give s(v).
-4
Suppose -13*u = 57 + 21. Let h be 5/(10 + -5 + u). Let w(l) = -l. Calculate w(h).
5
Let h(g) = g + 2. Let y be (68/(-102))/(((-1)/(-3))/(-1)). Let m be (-4)/(-2) + 0/1. Let w = y - m. Give h(w).
2
Let a be 1/(2 + 0 + -1). Let c(n) = -10*n + 23. Let s(w) = -w - 8. Let q(x) = -c(x) - 3*s(x). Give q(a).
14
Let l(d) be the third derivative of 5*d**4/24 - 4*d**3/3 + 48*d**2. What is l(5)?
17
Let g be (8/14 + 31/7)*1. Let c(b) = -g*b - 6*b - 1 + 14*b - b. Calculate c(-3).
-7
Let f(t) be the second derivative of -1/6*t**4 - 1/20*t**5 - 3*t + 1/6*t**3 + 0 + 0*t**2. Give f(1).
-2
Suppose 0 = -10*x + 4*x + 30. Let q(u) = -5*u**2 - 3*u. Let v(z) = -4*z**2 - 2*z. Let m(b) = x*q(b) - 6*v(b). Suppose s = -0*s - 4. Give m(s).
-4
Let h(a) be the third derivative of 1/6*a**3 - 4*a**2 + 5/24*a**4 + 0*a + 1/60*a**5 + 0. What is h(-5)?
1
Let g(w) = 3*w**3 + w. Let q(f) = -f**3 - 21*f**2 - 17*f + 10. Let z be q(-20). Let y = z - -49. What is g(y)?
-4
Let b(l) be the first derivative of -l**3/3 + 21*l**2/2 - 13*l + 151. What is b(20)?
7
Let m be (1 + -1 + (-6)/(-12))*10. Suppose -5*i + 3 = a, i = -m*a - i - 31. Let r(q) = q + 3. Give r(a).
-4
Let a be (-2 - -2)/(-1) - -2. Let q(s) = s - 4*s + a*s. Determine q(-2).
2
Let u(o) = o**3 + 4*o**2 - 2*o - 5. Let b = 7 + -11. Let y be u(b). Let v(a) = 0*a**2 + a - 2*a**3 - 4*a**2 - a**y - 1 + 3*a**2. What is v(1)?
-4
Let o(g) = -45*g - 7. Let k(q) = 23*q + 4. Let w(p) = -11*k(p) - 6*o(p). Determine w(-2).
-36
Suppose -3 = -3*v - 21. Suppose -1 - 1 = -2*z. Let u(p) = 0*p + z + 7*p + 0*p - 5*p**2 - p**3. What is u(v)?
-5
Let i = -677 - -675. Let u(v) = 7*v + 1. Give u(i).
-13
Let t(g) = g**3 + g - 1. Let y(b) = 27*b**3 + b**2 - b + 1. Let h(z) = 2*t(z) + y(z). What is h(1)?
30
Let q(t) = 21*t**2 + 37*t - 9. Let s(b) = 10*b**2 + 18*b - 5. Let y(j) = 3*q(j) - 7*s(j). Let g(i) = 3*i**2 + 7*i - 4. Let h(p) = 5*g(p) + 2*y(p). Give h(-7).
10
Let n be ((-18)/(-21))/((-6)/798). Let u = n + 108. Let s(b) = b**3 + 5*b**2 - 6*b - 4. Determine s(u).
-4
Suppose 5*o - 5*q - 20 = 0, -o + 2*q + 10 = 2*o. Let l(x) be the third derivative of 1/120*x**6 + 0*x - 1/3*x**3 + 7*x**2 + 0*x**4 + 0*x**5 + 0. What is l(o)?
6
Let v(y) be the third derivative of -y**4/6 - y**3 + 3*y**2. Let c be (-136)/40 + (0 - (-3)/(-5)). Give v(c).
10
Let h(p) = -p**3 + 7*p**2 - 5*p - 3. Let v(g) = g**3 - 7*g**2 + 3*g + 4. Let c be v(6). Let k = c + 20. Let i be h(k). Let n(y) = y**2 - 2*y. Calculate n(i).
3
Suppose 2*l - 5*p = -1, -4*l + 3*p = 10 - 1. Suppose -9 = -2*j - 5. Let r(u) = -18*u**3 + 19*u**3 + 2 + 5*u + 0*u**2 + 4*u**j. What is r(l)?
-4
Let j(t) = 2 + 2*t + 2*t + t**3 + 0*t + 4*t**2. Let u = 5300 + -5302. Calculate j(u).
2
Suppose -2*o + t = 8, -4*o + 4*t + 3 = -3*o. Let v = 16 + -14. Let y(h) = h + 41*h**3 - 40*h**3 + 5*h**2 + 4 + v. Give y(o).
1
Let o be ((-3)/(-1) - -2)*1. Let d(n) = -n**3 - n**2 + 2*n - 8. Let k be d(-3). Let t(u) = 4*u**2 + 4*u + 1 - 23*u**3 + 22*u**3 - 2 + k. Give t(o).
-2
Suppose w + 5 = 7. Let g(i) = -7*i - 4. Let k(v) = 6*v + 3. Let n be (-75)/12 + 3/12. Let c(p) = n*k(p) - 5*g(p). Give c(w).
0
Let g(m) be the second derivative of -m**4/12 - 25*m**3/6 + m**2 + 26*m. Let o be g(-25). Let y(l) = l**2 - 2*l**2 + 4*l + 2 - 3. Give y(o).
3
Let u(j) = -27*j + 54. Let c be u(2). Let a(d) be the third derivative of 0 + c*d - d**3 - 1/60*d**5 + 4*d**2 + 0*d**4. Calculate a(0).
-6
Let z(q) = -17*q**3 - 9*q**2 - 12*q - 13. Let p(s) = 27*s**3 + 13*s**2 + 18*s + 20. Let f(o) = -5*p(o) - 8*z(o). What is f(-4)?
28
Let u(s) = -s + 1. Let l(p) = -4*p**2 - 7*p + 5. Let v(j) = -l(j) + 6*u(j). Give v(-2).
15
Let v(i) = -2*i + 5. Let l be -3 + -1 + (0 - 0). Let g be (-8)/2 - 20 - l. Let a be ((-8)/g)/((-1)/(-15)). Give v(a).
-7
Let i be (-1 + 1/3)*3. Let j be (-254)/(-11) - 1/11. Let f(r) = -45*r**2 + 21*r**2 + j*r**2 - 1. What is f(i)?
-5
Let b(z) = -4*z - 23. Let n(v) = 6*v**2 - 40*v - 20. Let o be n(7). Calculate b(o).
1
Let f(o) = -o**3 - 7*o**2 - 9*o + 8. Let m(c) = -c**3 - 6*c**2 - 9*c + 9. Let u(l) = 5*f(l) - 4*m(l). Calculate u(-10).
-6
Let z(b) be the first derivative of -2*b**5/5 - b**3/3 + b**2/2 - 14*b + 21. Let k(o) be the first derivative of z(o). Calculate k(1).
-9
Let g(j) be the third derivative of -j**6/120 + j**5/20 + j**4/24 - 20*j**2 - j. Determine g(4).
-12
Let i(x) = -2*x - 2. Suppose 0 = 4*o + 8 - 24. Suppose 0*t - o*t = 136. Let f be (-3)/7 - t/14. Calculate i(f).
-6
Let g(z) = z**3 - 5*z**2 + 3*z + 3. Suppose -4*f - 5*v - 45 = 0, -f - 18 = f - 2*v. Let m be (0 - -8)/2 + f. Let b = m + 10. Give g(b).
-1
Suppose -2*q - 3*o = 18, -5*o - 52 = 5*q - 12. Let n(v) = -v**2 - 3*v + 3. What is n(q)?
-15
Suppose -10*j + 82 = 62. Let l(p) = -p**3 - 2*p**2 + 2*p + 2. Determine l(j).
-10
Suppose 3*u - 3*r + 15 = 0, -4*u + 8*u - 2*r + 10 = 0. Let x(v) be the third derivative of 0*v + 1/24*v**4 + v**3 - 4*v**2 + u. What is x(-5)?
1
Let r(l) = -5*l**2 + 9*l - 12. Let b(z) = 11*z**2 - 19*z + 25. Let n(m) = -4*b(m) - 9*r(m). Determine n(6).
14
Let w(x) be the third derivative of x**6/60 + 17*x**5/60 + x**4/4 - x**3/6 + 270*x**2. Determine w(-8).
15
Suppose -6*x + 14 = -5*x. Suppose -5*u - x*u = -76. Let g(